. Let a be j(-2). Suppose v - 2*f = 122, 2*f + 485 = a*v + 115. Suppose -2*p - v = -6*p. Is p prime?
True
Suppose 3*k = -2*j + j + 23, -j + 3*k + 5 = 0. Is (45/6)/3*j prime?
False
Suppose 0 = 4*g + 3*x - 3896, 0 = -2*g + 2*x + 451 + 1511. Is g prime?
True
Suppose 0 = -10*g + 5*g + 2785. Is g a composite number?
False
Let m(w) = w**3 + 4*w**2 + 2*w. Let l be m(-3). Suppose 17 + l = 4*q. Suppose q*s - 808 = i, -i - 1 + 481 = 3*s. Is s a composite number?
True
Suppose 5*c + 7 = 17. Suppose 66 + 300 = c*i. Is i prime?
False
Let f be -3 + 3/1 - -1. Suppose -d - 38 = -5*l, 5*d = -l - 7 - f. Is l a prime number?
True
Let o = -161 + 454. Is o prime?
True
Suppose 304 = -3*k + 1297. Is k a prime number?
True
Let p be (24/28)/((-1)/7). Is (-87)/p - 3/(-6) a composite number?
True
Let s(b) = -b**2 + b. Let v be s(0). Suppose 0 = -3*y - 2*k + 15, -y + k + v*k = -10. Is y a prime number?
True
Let v be (-76)/28 + (-6)/21. Is (95/3)/((-1)/v) a composite number?
True
Let m = -6 - -12. Let w(x) = -5*x**2 + 0*x**3 + x**3 + 8*x + 1 - 2*x**2. Is w(m) a prime number?
True
Let i = 12 + 73. Is i prime?
False
Let k(d) = 5*d**3 - 6*d**2 + 10*d - 17. Is k(6) prime?
True
Let u(a) = 2*a**2 - 5*a + 11. Is u(-6) composite?
False
Is 1412/10 - 17/85 composite?
True
Let r(h) be the second derivative of -h**4/12 + h**3/2 - h**2 + 2*h. Let k be r(2). Suppose c - 6*c + 75 = k. Is c composite?
True
Let o(r) = -7 + 10*r + 2*r**2 + 1 - 3*r**2. Let i be o(9). Suppose 0*b - 63 = -i*b. Is b prime?
False
Suppose -2*m + 24 = -5*m. Let r = m - -14. Is (-2)/6 + 224/r a prime number?
True
Let j = 18 - 11. Let g = j + -5. Suppose 2*x = -8, 0*x = 2*d + 2*x + g. Is d prime?
True
Suppose -t - 3*t = 44. Let a = 2 - t. Suppose 207 = 4*l - a. Is l a composite number?
True
Suppose 2 = 3*x - 4, 3*x = -3*g + 27. Suppose -g*i + 4*o = -2*i - 205, 2*o + 47 = i. Is i composite?
False
Let z(m) = -3 - 1 - 4*m + 3 - 23*m. Is z(-6) a prime number?
False
Let j(y) = -y**2 - 10*y - 9. Let g be j(-9). Suppose g = 4*m + 12. Let z(b) = -5*b**3 - 3*b**2 - b. Is z(m) prime?
False
Suppose -6*q + 2605 = -q + 3*k, 0 = 4*q - 2*k - 2084. Is q prime?
True
Let y = -71 - -201. Let t = 450 + y. Suppose -4*g - t = -8*g. Is g composite?
True
Is 24/156 + 10890/26 prime?
True
Let y = 2515 + 2986. Is y a composite number?
False
Suppose 2*o + 3*s - 451 = 0, 482 = -4*o + 4*s + 1434. Is o a prime number?
True
Suppose g = -0 + 3. Suppose 0 = 5*i - g*i - 62. Is i prime?
True
Let p = -4 + 4. Let z = p + 2. Suppose -28 = -z*m + 16. Is m composite?
True
Is 5819/1 + -6 + 8 composite?
False
Let s(f) = -f**3 + 33*f**2 - 28*f - 17. Is s(25) a prime number?
True
Let s(b) = -266*b + 1. Let u be s(-1). Let h = 20 - 14. Is u/h*(0 + 2) a composite number?
False
Let m(k) = k - 9. Let t be m(7). Is ((-131)/t)/(2/4) prime?
True
Suppose -3*t + 12 = t. Suppose t*u = -0*u - 2*i + 259, -3*u - 3*i + 255 = 0. Is u a prime number?
True
Suppose -5*a - 41 = -16. Let l = a + 24. Is l composite?
False
Suppose -5*b - 235 = h, -3*h + 1075 = -8*h - 5*b. Let o be ((-2691)/27)/(2/6). Let n = h - o. Is n composite?
False
Let s(i) = -i**2 + 8*i + 12. Let w be s(10). Let m = w + 13. Suppose -m = 4*v - 61. Is v composite?
True
Let j = -373 + 792. Is j composite?
False
Suppose 0 = 4*z + 12, -312 = -3*v - 5*z + 444. Suppose -5*w + v = -253. Suppose -w = -4*u + u. Is u a prime number?
False
Let o = -3 - -6. Suppose -5*y + 10 = -r + 4*r, o*y - 3*r = 30. Let s(m) = 2*m**2 - 5*m - 4. Is s(y) a prime number?
False
Let s be ((-5)/2)/((-4)/8). Suppose 2*b = d - 15, 5 = s*d + 3*b + b. Suppose -112 = -d*i - 17. Is i composite?
False
Let m = -774 - -1783. Is m composite?
False
Suppose -719 = 3*h - 2*y, h + h - 4*y + 466 = 0. Let m = 460 + h. Is m composite?
True
Is (1 - 18/12)*-1226 composite?
False
Let o = -209 + 372. Is o prime?
True
Suppose 84 = 4*r - 7*r. Let k = -2 - r. Is k a prime number?
False
Let y(m) = 46*m + 9. Is y(11) a prime number?
False
Let b = 6 + -2. Suppose -5*y - 5*p = 10, y - 2*p - 2 = b*y. Suppose m = y*f + 111, -5*m + 397 = 2*f - 170. Is m composite?
False
Let l be -5*(-2)/5*2. Suppose -3*c + 814 = -l*o - c, -5*o + c = 1013. Is (-2)/6 - o/3 prime?
True
Suppose -6*c + 0*c = -10806. Is c a composite number?
False
Let o(s) be the second derivative of s**5/20 + 2*s**4/3 + s**3/6 - 2*s**2 - 3*s. Suppose 25 = -5*t - 0*l + l, -2*t - l = 17. Is o(t) composite?
True
Let n be 1003/3 - (-12)/18. Let u = n + -190. Is u a composite number?
True
Suppose 3*j - 5*b + 3 + 0 = 0, -6 = -2*b. Suppose j*l = 142 + 30. Is l prime?
True
Let o be 3*-1 - (-3 + 0). Let r be o - (3 + 2*-5). Let g = 26 + r. Is g prime?
False
Is ((-2008)/(-24))/((-1)/(-9)) composite?
True
Let j be 3501/15 + 2/(-5). Suppose t + 0*t = 2*r - j, 5*t - 560 = -5*r. Is r prime?
False
Is (-4 + 15/10)*-538 a composite number?
True
Let z(y) = 11*y - 9. Is z(8) a prime number?
True
Let z = 356 + -145. Is z a composite number?
False
Let z = 3 - 3. Suppose 2*c = -z*c + 4. Is 1/(-2) + 155/c composite?
True
Is (-1)/3 + 868*(-34)/(-12) a prime number?
True
Let t = 11989 - 8360. Is t a composite number?
True
Suppose 0 = 4*c - 4*d - 32, 0 = 4*c + d + d - 14. Let z(m) = m**2 - m + 5 + 0*m + 2*m. Is z(c) a prime number?
False
Suppose 13*h - 9*h - 1304 = 0. Is h a composite number?
True
Let k be 12/(-9)*3/(-2). Suppose 231 = k*v + v. Is v a composite number?
True
Let w = 5 - -5. Let u(l) = -2*l - 11. Let i(g) = -2*g - 12. Let v(h) = 5*i(h) - 6*u(h). Is v(w) a prime number?
False
Suppose -2*i = 2*i + 2*y - 458, -4*i + 463 = -3*y. Is i a composite number?
True
Suppose -5*x + 0*n = 5*n + 5, 0 = -5*x + 4*n + 40. Suppose x*b - 20 = 248. Is b a prime number?
True
Suppose -239 + 727 = 4*q. Let v = q - 73. Is v a composite number?
True
Suppose -2*i = -4, 2*i - 514 = 4*y - 6650. Is y a composite number?
True
Is (-1 - (-3068)/(-16))*-4 composite?
True
Suppose -5*x - 2 = -17. Let w(z) = z - x*z + 0*z - 5 + 3*z**2 - 2*z**2. Is w(6) composite?
False
Suppose 0 = 3*a - 53 - 4. Is a a composite number?
False
Let f(y) = y**3 - 3*y**2 + 9*y - 4. Let r be f(7). Suppose 3*n - r = -0*n. Is n a composite number?
True
Let m(x) = -3*x - 7. Let j be m(-4). Is (j/((-15)/147))/(-1) a prime number?
False
Is (1/(-2))/(7/(-4102)) composite?
False
Let c be 2 + 3*3/9. Let w be (-3 + c)/(6/(-2)). Suppose 3*k + 558 = -2*s + 5*s, -2*s - 3*k + 377 = w. Is s composite?
True
Let p(z) be the first derivative of -2 + 7/3*z**3 + 10*z - 1/4*z**4 + 0*z**2. Is p(7) a composite number?
True
Suppose 0 = -6*q + 3*q + 123. Let p = -25 + q. Suppose -x + p = 1. Is x prime?
False
Let m(h) be the first derivative of -h**4/4 - 2*h**3 - 3*h**2 + h + 1. Let l = 7 - 13. Is m(l) prime?
True
Let f(q) = q - 3. Let k(c) = 5*c - 16. Let w(u) = 11*f(u) - 2*k(u). Let n be w(-2). Let i(r) = -3*r**3 - r**2 - 3*r - 2. Is i(n) composite?
False
Let h(p) = p**2 - p - 3*p + 5 + 0*p**2. Let n be (-203)/(-28) - (-1 - (-5)/4). Is h(n) prime?
False
Let a be 8/2 + -1 - -1. Suppose 3*k = -2*d + 8 + 11, 0 = a*k - 12. Suppose 4*v - 16 = 0, d*b - v - 435 = 4*v. Is b a composite number?
True
Suppose 0 = 3*h - 4*h - 4*f + 10, -3*h - 3*f + 3 = 0. Let j be h/5 + (-954)/15. Let y = -45 - j. Is y composite?
False
Let m(j) = -j**3 - 6*j**2 + 7*j + 3. Let y be m(-7). Suppose 21 = 3*o + y*f, 5*f - 21 = -3*o + 3*f. Suppose o*d = 8*d - 11. Is d a composite number?
False
Let l(k) = k**3 - 2*k**2 - 3*k + 3. Let g be l(3). Suppose 4*h - 465 = -g*i - 118, 4*i + 279 = 3*h. Is h composite?
False
Let y = -155 - -378. Suppose -l + y + 42 = 0. Is l composite?
True
Let w = 82 - 40. Suppose -y + w = -d, d - 6*d + 240 = 5*y. Let s = y - 31. Is s a prime number?
False
Let i be 24*(0 - 84/(-9)). Let u(p) = p**2 + 9*p - 7. Let x be u(-10). Suppose j = -4*h + 79, -x*j + 23 = 2*h - i. Is j composite?
False
Let a(c) = 119*c**2 + c - 3. Let r(g) = -g**2 - 1. Let o(h) = a(h) - 2*r(h). Suppose 0 = -u + 1 - 0. Is o(u) composite?
True
Let t(l) be the second derivative of 5/6*l**3 + l - 3*l**2 + 0. Is t(4) composite?
True
Let j(l) = -7 - 3*l - 3 + 5*l**2 + 11. Is j(3) a composite number?
False
Is (-2)/12 - 669/(-18) composite?
False
Suppose 4*r = 16, 4*x + 2*r - 14 - 2 = 0. Suppose y - 6 = -x, -4*s - y = -24. Suppose -4*a + s*z + 68 = 0, -2*a + 0*a + 2*z = -36. Is a a prime number?
False
Let f = -28 + 8. Is f/(-9) + 16/(-72) a prim